*y + 63. Let s be p(-12). Calculate the highest common factor of s and 165.
15
Suppose 0 = -6*k + 3*k - 36. Let h be 3/k + 33/4. Suppose 0 = h*l - 3*l - 160. Calculate the greatest common factor of l and 8.
8
Let i be (23/3 - 1)*(-16863)/(-146). What is the greatest common divisor of 70 and i?
70
Suppose 0*k - 2*k - 14 = 0. Let w be 4/(-14) - 394/k. Let m be (-4)/(-2) + -3 + -2 - -10. Calculate the greatest common divisor of w and m.
7
Suppose -314 = 5*b - 3*a, -4*b - 5*a = -8*b - 259. Let f = b - -103. What is the greatest common factor of 6 and f?
6
Let t = -40 + 31. Let b be t/15 + (-369)/(-15). What is the greatest common factor of b and 48?
24
Suppose 0 = 18*u - 16*u - 74. Let v = u - 25. Calculate the highest common factor of 180 and v.
12
Let y(h) = -30*h - 84. Let u be y(-9). Calculate the highest common factor of 248 and u.
62
Let z be (-9)/21 - (-27)/63. Suppose 0 = -w - 4*g + 33, 4*g - 67 = -z*w - 3*w. Calculate the greatest common divisor of w and 68.
17
Suppose -251 - 217 = -26*b. Let i(d) = 9*d**2. Let n be i(2). Calculate the greatest common factor of n and b.
18
Let a(f) = f + 20. Let c be a(-9). Suppose -3*y + c + 1 = 0. Calculate the highest common factor of y and 12.
4
Suppose -16*k = -22*k + 192. What is the greatest common divisor of k and 416?
32
Suppose -2*f = -247 - 149. Let d be f/110*(-1 + 6). Calculate the greatest common divisor of d and 81.
9
Let y be 5*(-1 + 7)*(-3)/(-10). Let n(s) = s**3 - 9*s**2 + s + 3. Let v be n(y). Calculate the greatest common factor of v and 24.
12
Let s = 401 - 299. Calculate the highest common divisor of 1275 and s.
51
Let z(g) = -15*g**2 + 732*g + 39. Let l be z(48). What is the highest common factor of l and 30?
15
Suppose 0*z - 3 = -2*z + 3*b, 5*b = 15. Calculate the highest common divisor of 3 and z.
3
Suppose 5*f - 26 - 14 = 0. Let n be f/(-10) + 576/45. Calculate the highest common divisor of 108 and n.
12
Suppose -2*j = -c - 185, 4*j + 30*c - 27*c = 345. What is the greatest common factor of j and 170?
10
Let a(u) = 6*u - 3. Let c be a(2). Let x be (-4)/6 + 69/c. Suppose -3*v - 10*v + 1001 = -0*v. Calculate the greatest common divisor of x and v.
7
Let i(y) = 2*y**2 + 2*y + 8. Let m be i(-13). Calculate the highest common factor of m and 128.
64
Suppose 3*j = 5*y - 402, 59 + 81 = 2*y + 4*j. What is the highest common divisor of y and 195?
39
Suppose -4*y + 481 = 13. Let z = 331 + -189. Suppose -5*x - z = -207. Calculate the greatest common factor of x and y.
13
Suppose 2*z - 19*t = -22*t + 1100, -z - 4*t = -560. Calculate the highest common divisor of 17 and z.
17
Let q = -1 - -4. Suppose q*i - 9 = 0, v - 5*v + i + 109 = 0. Suppose 5*n - 42 = -3*r + 4*n, -4*n = -3*r + 42. Calculate the highest common factor of v and r.
14
Let q = -636 + 653. Let l(j) = 4*j**2 + 3*j - 5. Let t be l(2). What is the highest common divisor of t and q?
17
Let d = 6 + 43. Suppose -3*p + 3*f + f = -d, 2*f - 3 = -p. Suppose 9 = -b - 3*v - 3, -v - p = -2*b. Calculate the highest common factor of b and 6.
3
Let m be 18/(((-198)/(-12))/11). Let c be (128/(-24))/((-2)/36). What is the greatest common divisor of c and m?
12
Let h(w) = 4. Let g(v) = -v - 4. Let q(i) = 4*g(i) + 4*h(i). Let a be q(-1). Let p be 66/110 + 47/5. What is the highest common factor of p and a?
2
Suppose 5*p + 2*m = 320, -4*p = -2*p - 4*m - 152. Suppose -4*g + p = 2*s, 2*s = -g + 27 + 27. Let a = -39 - -44. What is the greatest common divisor of a and s?
5
Suppose 98*g - 122 - 174 = 24*g. Let f be -2 + (5/1 - 0). Suppose f*o = 4*o - d - 12, -2*o + 3*d = -28. Calculate the highest common factor of g and o.
4
Let x = -79 + 261. What is the highest common divisor of x and 14?
14
Suppose 38 = -5*h + 3. Let x be ((-1)/(-1))/(h/(-154)). What is the greatest common factor of x and 2?
2
Let v be (-64)/(-20) + (-4)/(-5). Let t be 4*(-7)/((-7)/v). What is the greatest common divisor of 144 and t?
16
Let u(f) = -2*f - 4. Let g be 16/40 - 27/5. Let r be u(g). Let c(b) = 15*b + 2. Let m be c(r). What is the highest common divisor of m and 23?
23
Let d be (-2)/11 - (-17186)/715*5. What is the greatest common divisor of d and 210?
30
Suppose -3*u + 5*r - 3 = 2*r, -5*r = u + 7. Let p be (-85)/(-5) - (-6)/u. What is the highest common divisor of 56 and p?
14
Suppose 3*k = r + 10, 0 = -6*r + r - k - 18. Let j be ((-28)/r - -17)*(-2)/(-4). What is the highest common factor of 30 and j?
6
Suppose 0 = -101*l + 91*l + 220. Calculate the greatest common divisor of l and 209.
11
Let s be 16/(-28) + 138/21. Suppose f + 4*r - 9 = r, 3*f - 3 = 3*r. Let n = s - f. Calculate the highest common divisor of n and 15.
3
Let t(p) = -20*p - 315. Let i be t(-28). What is the greatest common factor of i and 10?
5
Suppose -7 = 352*f - 353*f. Calculate the highest common factor of f and 273.
7
Let n = 13 + -14. Let h be (-76)/19 + 4 + n. Let v be 4*h*(-14)/8. What is the highest common divisor of 49 and v?
7
Let d(b) = -b**3 - 8*b**2 - 2*b - 14. Let u be d(-8). Suppose a = 4 - u. What is the highest common divisor of a and 2?
2
Let b be (-1)/2 + 65/(-26) - -11. What is the highest common factor of b and 128?
8
Let s(x) = 42*x + 4. Let f be s(6). Calculate the greatest common divisor of 16 and f.
16
Suppose -5*c - 2*c + 609 = 0. What is the highest common factor of 9 and c?
3
Let r be ((-25)/10 + 7)*14. What is the greatest common divisor of 7 and r?
7
Let l = -8 + 9. Let y be (-29 + -13)*(-2 + l). Calculate the greatest common factor of 28 and y.
14
Let p be (36/(-48))/((-1)/8). Suppose -4*t + 4*k + 94 = p*k, 0 = -5*k - 5. Let s be 4/((9/(-12))/(-3)). What is the highest common divisor of s and t?
8
Let w = 1318 + -1267. What is the highest common divisor of w and 1139?
17
Let t(j) = -9*j + 12. Let v be t(-7). What is the greatest common divisor of 105 and v?
15
Let n(d) = -12*d**2 + 171*d + 29. Let x be n(13). What is the highest common factor of x and 392?
56
Let g(s) be the second derivative of 29*s**3/2 + 3*s**2/2 + 10*s. Let a be g(3). Calculate the greatest common divisor of a and 24.
24
Suppose 0 = -8*h + 12*h + 8. Let l be (3 - -1)*(h - 0). Let b be ((-70)/20)/(1/l). Calculate the highest common divisor of b and 28.
28
Let i = 142 + -85. Let z(c) = -10*c - 51. Let t be z(-7). What is the highest common factor of t and i?
19
Let u(r) = 2*r + 29. Let v be u(-12). Suppose 0 = 5*h - 2*h + v*y - 203, -3*y + 3 = 0. What is the highest common divisor of h and 22?
22
Suppose -4*t + 245 = t. Let r = -85 - -92. What is the highest common divisor of r and t?
7
Let c(z) = -13*z - 123. Let m be c(-13). What is the greatest common divisor of 253 and m?
23
Let j(f) = -f**2 - 2*f + 4. Let p be j(0). Suppose 0 = -2*o + 8, p*o + 0*o - 352 = -4*u. Calculate the greatest common factor of 21 and u.
21
Suppose 5*u - 1005 = 2*u. Let i = -115 + u. Let r = -140 + 160. Calculate the greatest common divisor of r and i.
20
Let x(f) = -171*f + 304. Let l be x(-5). What is the greatest common factor of 38 and l?
19
Suppose 5*b - b - 2256 = 0. Suppose r = 3*f - 445, -b - 166 = -5*f + 4*r. Calculate the highest common factor of 30 and f.
30
Let p = 2192 + -1156. What is the greatest common factor of p and 28?
28
Let n(d) = -d**3 - 36*d**2 - 5*d - 12. Let c be n(-36). Calculate the greatest common divisor of 24 and c.
24
Let l(x) = 5*x**2 - 5*x - 2. Let m be l(-1). Suppose 5*h = 5*j + 380, 2*j = -4 - 4. What is the greatest common divisor of h and m?
8
Let l(i) = i**2 - 2*i - 5. Let f be l(-5). Suppose -2*c + 37 = -g, c - 3*g = -4*g + 23. What is the greatest common factor of f and c?
10
Let u(k) = -45*k + 441. Let b be u(5). Calculate the greatest common factor of b and 72.
72
Let a = 599 - 365. Suppose 5*o - 2*o = a. Suppose 100 = 2*g + 4*k, g - 5*k - 55 = -2*k. What is the greatest common factor of o and g?
26
Let u = 117 + -114. Suppose u*a + 4*t - 378 = 0, a = -4*t + 147 - 29. Calculate the highest common factor of a and 10.
10
Suppose 12 = -0*s - 3*s. Let c be (-25 + -3)*2/s. Let v = c + 129. What is the greatest common divisor of 13 and v?
13
Suppose 0*x = -5*x - 15, 0 = -l + 3*x + 30. Let y(a) = -a**2 - 3*a + 29. Let c be y(-7). Let q = 2 + c. What is the highest common factor of l and q?
3
Let w be 20 + 6 + -6 + 4. Let a = 85 + -25. Calculate the highest common factor of a and w.
12
Su